54) - 27613/(-1)?
2
Suppose 2*i - 9 = -3*v, -12 = 3*v + 5*i - 30. What is the hundreds digit of v*2/(-9) + (-361046)/(-333)?
0
Let p(d) = 406*d**2 - 183*d - 716. What is the hundreds digit of p(-4)?
5
Suppose 0 = 8*v - 12 - 4. Let j(n) = -4*n**2 + 5*n**v - 2*n - 5 + 2*n**2 - 4. What is the tens digit of j(-5)?
7
Let j = -96 + 102. Suppose 4*f + 306 = j*f. What is the hundreds digit of f?
1
Suppose 6*r - 154 = 8708. What is the units digit of r?
7
Let j = 1210 - 454. Suppose -y - 2*y + j = 0. Suppose -138 = -2*t + 5*w, -4*t = w - 5*w - y. What is the tens digit of t?
5
Suppose 3*t = 6*m - 4*m + 50403, 67212 = 4*t - 4*m. What is the hundreds digit of t?
7
Suppose -i + 2*f = 0, 5*f = -i + 3*f. Suppose i = -n - 45 + 47. Let c(y) = -y**3 + 4*y**2 - 5*y + 5. What is the units digit of c(n)?
3
Let k = -874 + 729. Suppose -2*l + 717 = l. Let d = l + k. What is the tens digit of d?
9
Let v(l) = -l**3 - 5*l**2 + 51*l + 13. Let n be v(-10). Suppose 5*s = -28*q + 29*q - 121, 4*s - 268 = -n*q. What is the units digit of q?
6
Let b = -2508 - -4655. Suppose -745 = -12*l + b. What is the units digit of l?
1
Let m be ((-9)/6*26)/(-3). Suppose -m*h + 1139 = -2007. What is the units digit of h?
2
Suppose -11*a + 17002 + 2215 = 0. Let j = 2897 - a. What is the units digit of j?
0
Let d(w) = 804*w**3 + 9*w**2 - 3*w - 8. What is the ten thousands digit of d(3)?
2
Let m = 1911 - 715. Suppose 5*y = -4*i + 8*i - 4771, 0 = i + 2*y - m. What is the units digit of i?
4
Suppose -h = -4*f + 2*f + 24132, -3*f + 36177 = -5*h. What is the units digit of f?
9
Let y(q) = -2*q**3 - 61*q**2 + 20*q + 61. Let m be y(-31). Let j = -213 + m. What is the tens digit of j?
8
What is the units digit of (-1050)/2100 - (0 - 184694/4)?
3
Suppose 68514 = 2*p + 4*k, -93*p + 205470 = -87*p + 3*k. What is the ten thousands digit of p?
3
What is the tens digit of (180762/(-329))/(((-15)/385)/3)?
0
Let y be (-1 - 1)*6*9/(-12). Suppose 0 = -3*g - 3, -y*n - 4*g + 2461 = -4*n. What is the tens digit of n?
9
Suppose 3*n - 90 = -w - n, 3*n = 0. Let x = 299 - w. What is the hundreds digit of x?
2
Let u = 603 + -288. Suppose 0 = 4*v + v + 3*q - u, 2*v + 3*q - 126 = 0. Suppose -4*z - v = -311. What is the tens digit of z?
6
Suppose 6*j - 11*j + 10 = 0. Suppose 2*d - 6 - 35 = -h, j*d + 4*h - 26 = 0. Let m = 94 - d. What is the tens digit of m?
7
Let p(o) = -2179 - o**3 - o**2 + 1092 + 1092. What is the units digit of p(-8)?
3
Let g(u) = -u + 12. Let w be g(8). Let q be 4/w + -1 + -2 + 4. Suppose -3*t = -q*t - 52. What is the tens digit of t?
5
Let w(q) = -73*q + 1082. What is the tens digit of w(-17)?
2
Suppose 6 = 3*m - 0*m. Suppose m*d = 3*o - 10, -5*o - 2*d + 2 = 2*d. Suppose x = 2*x - n - 98, o*x = n + 196. What is the tens digit of x?
9
Let y = 2035 - 423. Let m = -892 + y. What is the tens digit of m?
2
Let u = 130045 - 88262. What is the tens digit of u?
8
Let b(f) = 12*f**2 - 1. Let y be b(1). Let i(q) = -q**3 + 11*q**2 + 2. What is the units digit of i(y)?
2
Let p(w) = 19*w**3 - 3*w**2 - 40*w - 288. What is the thousands digit of p(11)?
4
Suppose -2*l = -h + 2448, -h - 4*h + 12288 = 2*l. Suppose 0 = -916*d + 914*d + h. What is the tens digit of d?
2
Suppose p = q - 2588, -p = -4*q + q + 7774. What is the tens digit of q?
9
Let s(c) = -c**2 + 7*c + 22. Let t(k) = -k + 28. Let m be t(19). What is the units digit of s(m)?
4
Suppose -1188*j + 5949 = -1185*j. What is the thousands digit of j?
1
Let x be (-4)/(3*(-2)/1248). Suppose -l + 5*l = x. What is the units digit of ((6/8)/(-3))/((-4)/l)?
3
Let n = 28900 - 13234. What is the tens digit of n?
6
Suppose 7*d - 5*x = 9019, -6441 = 10*d - 15*d + 3*x. What is the tens digit of d?
8
Let l(q) = -26 + 5*q + 23 + 0*q + 12. Let i be l(-3). What is the units digit of (4/i)/((-6)/81)?
9
Let c(v) = 67*v**2 - 35*v + 128. What is the hundreds digit of c(22)?
7
Suppose 0 = -v + 3*q - 2*q - 1, 16 = 4*q. Suppose 3*i + 15 = 0, v*p = -0*p - 4*i + 562. What is the hundreds digit of p?
1
What is the thousands digit of 16 + -22 - 5536/(-4)?
1
Let y(b) = b**3 + 4*b**2 - 4*b + 3. Let m be y(-5). Let f be (-3 - -69) + -2 + m. Suppose -2*k + f = -26. What is the units digit of k?
4
Let x(r) be the first derivative of -10*r**2 - 26*r - 7. Let y = -68 + 62. What is the tens digit of x(y)?
9
Let k be (-2 - 24)/(122/(-61)). Let z(t) = 15*t**2 - 110*t + 18. What is the tens digit of z(k)?
2
Let v be (-4)/(-22) + (-32)/176. Suppose 0*u + 2*b - 988 = -2*u, 3*u - b - 1482 = v. What is the tens digit of u?
9
Suppose 2*d + 10*q - 39693 - 33843 = 0, 183972 = 5*d + 3*q. What is the hundreds digit of d?
7
What is the hundreds digit of (-307 - -154)*(0 - 59/1)?
0
What is the units digit of (344928/(-336))/((-12)/(-7) - 2)?
3
Let r(x) = -2*x + 97. Let w = 99 + -28. Let t = w + -71. What is the tens digit of r(t)?
9
Let h = 7800 + -5337. What is the hundreds digit of 9/(-18) - h/(-6)?
4
Let n be 57*(-4 - 42/(-9)). Let k = -40 + n. What is the units digit of 568/(6 + -2)*k/(-4)?
1
Suppose 1321218 - 16234 + 1990364 = 172*u. What is the hundreds digit of u?
1
Suppose 22*p = -0 + 88. Suppose -4*i - 8 = 0, -2*s - p*i + 491 - 59 = 0. What is the tens digit of s?
2
Let p(r) = -17062*r**3 + 4*r**2 + 41*r + 39. What is the thousands digit of p(-1)?
7
Let q = 66 - 60. Let c be 55/(-44) - q/8. What is the tens digit of c + (6/9)/(-1)*-174?
1
Let z(q) = 28*q**2 - 8*q - 2. Let p(s) = -s**2 + s + 1. Let n = -33 + 34. Let b(w) = n*z(w) + 5*p(w). What is the tens digit of b(2)?
8
Suppose 2*m - 4*b - 34 = 5*m, -5*b - 5 = 0. What is the hundreds digit of (5/m)/((-4)/4680)?
5
Suppose -5646*f = -5643*f - 33432. What is the thousands digit of f?
1
Suppose -9274 = 6*t - 43384. Suppose -38*i - t = -53*i. What is the tens digit of i?
7
Suppose 7*c + 5 = 2*c. Let g be c/(((-3)/(-2))/(-1 - -10)). What is the tens digit of (-873)/g - ((-9)/(-2) - 4)?
4
Let t be (-9)/63 - 12255/(-35). Let g = 883 + t. What is the thousands digit of g?
1
Let c = -53 - -37. Let z be 0 + (c/(-4) - 2). Suppose z*i - 66 - 34 = 0. What is the units digit of i?
0
Let t = -1585 - -4298. Suppose y + 1075 = t. What is the tens digit of y?
3
Let d = 43099 + -25809. What is the hundreds digit of d?
2
Suppose 4*m + 7*t = 2*t + 37, 2*m + 2*t - 16 = 0. What is the hundreds digit of m + (-1694)/(-8) + 2/8?
2
Suppose 36*t + 57024 = 47*t. Let l = t + -3628. What is the thousands digit of l?
1
Let i(j) = j**3 - 2*j**2 - 5*j - 7. Let o be i(4). Suppose d = o*x - 397, -2*d - 322 = -4*x + d. What is the units digit of x?
9
Let b be (-2 - 40/(-6))/((-14)/(-2919)). Suppose 2*k + 5*a = b, -13*k + 2500 = -8*k - a. What is the units digit of k?
9
Let c = -1711 + 4939. What is the hundreds digit of c?
2
Suppose 0 = -2*g + j - 14*j + 26554, -53224 = -4*g + 3*j. What is the hundreds digit of g?
3
Suppose -4*y - 52 = q - 2*y, -2*q = -4*y + 136. What is the hundreds digit of 1587/10 + (-18)/q?
1
Let l = -5799 + 15888. What is the units digit of l?
9
Suppose -8*t + 24 = -16*t. Let u be -2 + 438/9 + (-2)/3. What is the tens digit of (12/t)/((-4)/u)?
4
Suppose 3*u - 5*u = -10. Suppose -2*c + d = 1 - 5, -3*c - u*d + 19 = 0. Suppose 0 = 4*m - 3*l - 25, -4*m + 0*l + 55 = c*l. What is the units digit of m?
0
Let k = -3 - 3. Let p be 159 + -1 - (-24)/k. Suppose -121 = -5*w + p. What is the units digit of w?
5
What is the tens digit of (-4 - 446*7)/((-393)/131)?
4
Let w = -8 - -8. Suppose 0 = -35*s + 225 - 85. Suppose w = -0*y - s*y + 440. What is the units digit of y?
0
Suppose 0 = -126*q + 140*q - 392042. What is the units digit of q?
3
Let f(k) = 2636*k + 723. What is the ten thousands digit of f(4)?
1
Let n(p) = 8*p + 2. Let r be n(-6). Let i = r - -156. What is the units digit of i?
0
Let t be 0*4/20 - -91. Let j = 346 + t. What is the hundreds digit of j?
4
Suppose -3*r + 43 = -182. Let h = r - 75. Suppose h = -5*p + 44 + 66. What is the tens digit of p?
2
Suppose -28*r + 9*r = -110770. Suppose -3*z + r = 7*z. What is the hundreds digit of z?
5
Suppose -3*i + i = 2*f + 58, -i + 1 = 0. What is the hundreds digit of 6/(f/(-4025)) - (-4 - 0)?
8
What is the hundreds digit of -11 + 5 + (924 - -10)?
9
What is the units digit of (-10 - -4)/(-11 + (-146840)/(-13350))?
0
Suppose -174*r + 44976 = -435219 - 25449. What is the hundreds digit of r?
9
Let y be -1*(3 - 9 - 5). 